{"id":51,"date":"2025-04-28T14:09:39","date_gmt":"2025-04-28T14:09:39","guid":{"rendered":"https:\/\/gruene-brechen-huenfelden.de\/?page_id=51"},"modified":"2026-01-28T19:39:31","modified_gmt":"2026-01-28T19:39:31","slug":"impressum","status":"publish","type":"page","link":"https:\/\/gruene-brechen-huenfelden.de\/?page_id=51","title":{"rendered":"Impressum"},"content":{"rendered":"\n<p>Dieses Internetangebot wird unterhalten von B\u00dcNDNIS 90\/DIE GR\u00dcNEN Ortsverband Brechen-H\u00fcnfelden.<\/p>\n\n\n\n<p>Vertreten durch den Gesch\u00e4ftsf\u00fchrenden Vorstand.<\/p>\n\n\n\n<p>Postadresse:<br>Diezer Str. 108&nbsp;<br>65549 Limburg&nbsp;<\/p>\n\n\n\n<p>Telefon: 06431\/23621<\/p>\n\n\n\n<p>Mail: info@gruene-brechen-huenfelden.de<\/p>\n\n\n\n<p>Zur Teilnahme an einem Streitbeilegungsverfahren sind wir nicht verpflichtet und nehmen auch nicht freiwillig teil.<\/p>\n\n\n\n<p><\/p>\n\n\n\n<h3 class=\"wp-block-heading\" id=\"verantwortlich-gemass-5-telemediengesetz-tmg\"><strong>Verantwortlich&nbsp;<\/strong>gem\u00e4\u00df \u00a7 5 Telemediengesetz (TMG)<\/h3>\n\n\n\n<p>B\u00dcNDNIS 90\/DIE GR\u00dcNEN,<br>Ortsverband Brechen\/H\u00fcnfelden<\/p>\n\n\n\n<p>Gesch\u00e4ftsf\u00fchrender Vorstand: Anette Knapp, Balduin Eisenbach, Julia Friedrich, Andreas Schulze, Olaf Hamann (Stand Oktober 2025)<\/p>\n\n\n\n<p>Kreisgesch\u00e4ftsstelle<\/p>\n\n\n\n<p>Diezer Str. 108&nbsp;<br>65549 Limburg&nbsp;<\/p>\n\n\n\n<p><\/p>\n\n\n\n<h3 class=\"wp-block-heading\" id=\"verbreitung-der-inhalte\"><strong>Verbreitung der Inhalte<\/strong><\/h3>\n\n\n\n<p>Alle Inhalte von gruene-brechen-huenfelden.de werden unter Creative Commons-Lizenz ver\u00f6ffentlicht (Nennung des Urhebers, keine kommerzielle Nutzung). Die Details der Lizenzvereinbarung&nbsp;<a href=\"http:\/\/creativecommons.org\/licenses\/by-nc\/3.0\/de\/\" target=\"_blank\" rel=\"noreferrer noopener\">ist hier zu finden<\/a>.<\/p>\n\n\n\n<p>Von dieser Regelung ausdr\u00fccklich ausgenommen sind:<\/p>\n\n\n\n<ul class=\"wp-block-list\">\n<li>Fotos und Grafiken (wenn nicht anders gekennzeichnet)<\/li>\n<\/ul>\n\n\n\n<p><\/p>\n\n\n\n<h3 class=\"wp-block-heading\" id=\"bilder-und-schriften\">Bilder und Schriften<\/h3>\n\n\n\n<p>Auf gruene-brechen-huenfelden.de werden Bilder von gettyimages.de, istockphoto.com, picture-alliance.de, fotolia.com, photocase.com sowie freien Fotografen verwendet. Diese unterliegen dem jeweiligen Copyright.<\/p>\n\n\n\n<p><\/p>\n\n\n\n<h3 class=\"wp-block-heading\" id=\"datenschutz\"><strong>Datenschutz<\/strong><\/h3>\n\n\n\n<p>Wir wissen, dass der Datenschutz f\u00fcr unsere Mitglieder und Freunde von grosser Bedeutung ist. Deshalb ist uns der Schutz der pers\u00f6nlichen Daten der Nutzer dieser Website ein wichtiges Anliegen.<br>Anbei unserer\u00a0<a href=\"https:\/\/gruene-brechen-huenfelden.de\/?page_id=157\">Datenschutzerkl\u00e4rung.<\/a><\/p>\n\n\n\n<p><\/p>\n\n\n\n<h3 class=\"wp-block-heading\" id=\"haftung-fur-links\"><strong>Haftung f\u00fcr Links<\/strong><\/h3>\n\n\n\n<p>Unser Angebot enth\u00e4lt Links zu externen Webseiten Dritter, auf deren Inhalte wir keinen Einfluss haben. Deshalb k\u00f6nnen wir f\u00fcr diese fremden Inhalte auch keine Gew\u00e4hr \u00fcbernehmen. F\u00fcr die Inhalte der verlinkten Seiten ist stets der jeweilige Anbieter oder Betreiber der Seiten verantwortlich. Die verlinkten Seiten wurden zum Zeitpunkt der Verlinkung auf m\u00f6gliche Rechtsverst\u00f6\u00dfe \u00fcberpr\u00fcft. Rechtswidrige Inhalte waren zum Zeitpunkt der Verlinkung nicht erkennbar. Eine permanente inhaltliche Kontrolle der verlinkten Seiten ist jedoch ohne konkrete Anhaltspunkte einer Rechtsverletzung nicht zumutbar. Bei bekannt werden von Rechtsverletzungen werden wir derartige Links umgehend entfernen.<\/p>\n","protected":false},"excerpt":{"rendered":"<p>Dieses Internetangebot wird unterhalten von B\u00dcNDNIS 90\/DIE GR\u00dcNEN Ortsverband Brechen-H\u00fcnfelden. Vertreten durch den Gesch\u00e4ftsf\u00fchrenden Vorstand. Postadresse:Diezer Str. 108&nbsp;65549 Limburg&nbsp; Telefon: 06431\/23621 Mail: info@gruene-brechen-huenfelden.de Zur Teilnahme an einem Streitbeilegungsverfahren sind wir [&hellip;]<\/p>\n","protected":false},"author":2,"featured_media":0,"parent":78,"menu_order":0,"comment_status":"closed","ping_status":"closed","template":"","meta":{"footnotes":""},"class_list":["post-51","page","type-page","status-publish","hentry"],"_links":{"self":[{"href":"https:\/\/gruene-brechen-huenfelden.de\/index.php?rest_route=\/wp\/v2\/pages\/51","targetHints":{"allow":["GET"]}}],"collection":[{"href":"https:\/\/gruene-brechen-huenfelden.de\/index.php?rest_route=\/wp\/v2\/pages"}],"about":[{"href":"https:\/\/gruene-brechen-huenfelden.de\/index.php?rest_route=\/wp\/v2\/types\/page"}],"author":[{"embeddable":true,"href":"https:\/\/gruene-brechen-huenfelden.de\/index.php?rest_route=\/wp\/v2\/users\/2"}],"replies":[{"embeddable":true,"href":"https:\/\/gruene-brechen-huenfelden.de\/index.php?rest_route=%2Fwp%2Fv2%2Fcomments&post=51"}],"version-history":[{"count":7,"href":"https:\/\/gruene-brechen-huenfelden.de\/index.php?rest_route=\/wp\/v2\/pages\/51\/revisions"}],"predecessor-version":[{"id":405,"href":"https:\/\/gruene-brechen-huenfelden.de\/index.php?rest_route=\/wp\/v2\/pages\/51\/revisions\/405"}],"up":[{"embeddable":true,"href":"https:\/\/gruene-brechen-huenfelden.de\/index.php?rest_route=\/wp\/v2\/pages\/78"}],"wp:attachment":[{"href":"https:\/\/gruene-brechen-huenfelden.de\/index.php?rest_route=%2Fwp%2Fv2%2Fmedia&parent=51"}],"curies":[{"name":"wp","href":"https:\/\/api.w.org\/{rel}","templated":true}]}}