{"id":78,"date":"2025-05-28T08:53:07","date_gmt":"2025-05-28T08:53:07","guid":{"rendered":"https:\/\/gruene-brechen-huenfelden.de\/?page_id=78"},"modified":"2026-04-06T15:20:09","modified_gmt":"2026-04-06T15:20:09","slug":"gruene-ortsverband-brechen-huenfelden","status":"publish","type":"page","link":"https:\/\/gruene-brechen-huenfelden.de\/","title":{"rendered":"Die GR\u00dcNEN Ortsverband Brechen\/H\u00fcnfelden"},"content":{"rendered":"\n<div class=\"wp-block-cover alignfull is-light\" style=\"min-height:519px;aspect-ratio:unset;\"><img decoding=\"async\" class=\"wp-block-cover__image-background wp-image-382\" alt=\"\" src=\"https:\/\/sunflower-theme.de\/demo\/wp-content\/uploads\/sites\/6\/2021\/03\/matthias-oberholzer-gM5msl7rP2k-unsplash_s_crop-4.jpg\" style=\"object-position:52% 22%\" data-object-fit=\"cover\" data-object-position=\"52% 22%\"\/><span aria-hidden=\"true\" class=\"wp-block-cover__background has-background-dim-20 has-background-dim\"><\/span><div class=\"wp-block-cover__inner-container is-layout-constrained wp-block-cover-is-layout-constrained\">\n<h1 class=\"wp-block-heading has-text-align-center no-link has-white-color has-text-color has-link-color wp-elements-91683629af12efd5c62de69a6a8cfe42\"><a href=\"#first-content\" data-type=\"internal\" data-id=\"#first-content\">Gemeinsam f\u00fcr eine gr\u00fcne Heimat<\/a><br>Brechen und H\u00fcnfelden<\/h1>\n<\/div><\/div>\n\n\n\n<div style=\"height:50px\" aria-hidden=\"true\" class=\"wp-block-spacer\"><\/div>\n\n\n\n<div class=\"wp-block-group is-layout-flow wp-block-group-is-layout-flow\">\n<div class=\"wp-block-columns is-layout-flex wp-container-core-columns-is-layout-9d6595d7 wp-block-columns-is-layout-flex\">\n<div class=\"wp-block-column is-layout-flow wp-block-column-is-layout-flow\">\n<h2 class=\"wp-block-heading h1\" id=\"first-content\">Herzlich<br>Willkommen<\/h2>\n\n\n\n<h3 class=\"wp-block-heading h4\">bei den GR\u00dcNEN Brechen\/H\u00fcnfelden.<\/h3>\n<\/div>\n\n\n\n<div class=\"wp-block-column is-layout-flow wp-block-column-is-layout-flow\">\n<p>Unser Ortsverband wurde am 28. Januar 2025 gegr\u00fcndet.<\/p>\n\n\n\n<p>Gerade ist die Kommunalwahl 2026 vor\u00fcber und wir werden in beiden Gemeindevertretungen Fraktionen mit jeweils vier Personen stellen. Auf dieses Ergebnis sind wir als Ortsverband Brechen\/H\u00fcnfelden nat\u00fcrlich sehr stolz.<\/p>\n\n\n\n<p>F\u00fcr das Jahr 2026 wollen wir die politische Gremienarbeit in beiden Kommunen in Angriff nehmen und wo m\u00f6glich unsere gr\u00fcnen Themen voranbringen. Gleichzeitig geht es uns darum, diese Arbeit sichtbar zu machen, neue MitstreiterInnen zu gewinnen und jede Menge Feedback zu sammeln, damit wir Politik machen, die relevant ist f\u00fcr die Mensch und Natur in Brechen und H\u00fcnfelden. Was wir vorhaben erfahrt ihr demn\u00e4chst an dieser Stelle!<\/p>\n\n\n\n<p><\/p>\n<\/div>\n<\/div>\n<\/div>\n\n\n\n<div style=\"height:50px\" aria-hidden=\"true\" class=\"wp-block-spacer\"><\/div>\n\n\n<div class=\"has-background latest-posts wp-block-sunflower-latest-posts\">\n        <div class=\"wp-block-group__inner-container\">\n            \n                <div class=\"row\" data-masonry='{\"percentPosition\": true }'><div class=\"col-md-6\">\n<article id=\"post-754\" class=\"bg-white mb-4 has-shadow post-754 post type-post status-publish format-standard hentry category-beitrege tag-kommunalwahl2026\">\n\t<div class=\"\">\n\t\t\t\t<div class=\"p-45\">\n\t\t\t<header class=\"entry-header mb-2\">\n\t\t\t\t\t\t\t\t<h2 class=\"card-title h4 mb-3\"><a href=\"https:\/\/gruene-brechen-huenfelden.de\/?p=754\" rel=\"bookmark\">Ergebnisse der Kommunalwahl<\/a><\/h2>\t\t\t\t\t<div class=\"entry-meta mb-3\">\n\t\t\t\t\t\t<span class=\"posted-on\"><time class=\"entry-date published updated\" datetime=\"2026-04-06T15:33:41+00:00\">6. April 2026<\/time><\/span>\t\t\t\t\t<\/div><!-- .entry-meta -->\n\t\t\t\t\t\t\t\t<\/header><!-- .entry-header -->\n\n\t\t\t<div class=\"entry-content\">\n\t\t\t\t<a href=\"https:\/\/gruene-brechen-huenfelden.de\/?p=754\" rel=\"bookmark\">\n\t\t\t\t<p>In beiden Gemeinden konnten wir vier Mandate in der Gemeindevertretung erringen. Allen, die uns in beiden Gemeinden ihre Stimme gegeben haben und uns auch dar\u00fcber hinaus unterst\u00fctzt und geholfen haben [&hellip;]<\/p>\n\t\t\t\t<\/a>\n\t\t\t<\/div><!-- .entry-content -->\n\n\t\t\t<footer class=\"entry-footer\">\n\t\t\t\t\t\t\t<div class=\"d-flex mt-2 mb-2\">\n\t\t\t\t\t\t\t\t<div>\n\t\t<span class=\"cat-links small\"><a href=\"https:\/\/gruene-brechen-huenfelden.de\/?cat=1\" rel=\"category\">Beitr\u00e4ge<\/a><\/span><br><span class=\"tags-links small\"><a href=\"https:\/\/gruene-brechen-huenfelden.de\/?tag=kommunalwahl2026\" rel=\"tag\">Kommunalwahl2026<\/a><\/span>\n\t\t\t\t<\/div>\n\t\t\t<\/div>\n\t\t\n\t\t\t\t<div class=\"d-flex flex-row-reverse\">\n\t\t\t\t\t<a href=\"https:\/\/gruene-brechen-huenfelden.de\/?p=754\" rel=\"bookmark\" class=\"continue-reading\">\n\t\t\t\t\tweiterlesen\t\t\t\t<\/a>\n\t\t\t\t<\/div>\n\t\t\t<\/footer><!-- .entry-footer -->\n\t\t<\/div>\n\t<\/div>\n<\/article><!-- #post-754 -->\n<\/div><div class=\"col-md-6\">\n<article id=\"post-344\" class=\"bg-white mb-4 has-shadow post-344 post type-post status-publish format-standard has-post-thumbnail hentry category-beitrege\">\n\t<div class=\"\">\n\t\t\t\t\t<div class=\"\">\n\t\t\t\t<a href=\"https:\/\/gruene-brechen-huenfelden.de\/?p=344\" aria-label=\"Post Thumbnail\" rel=\"bookmark\">\n\t\t\t\t\t\t\t\t<img loading=\"lazy\" decoding=\"async\" width=\"768\" height=\"962\" src=\"https:\/\/gruene-brechen-huenfelden.de\/wp-content\/uploads\/2025\/11\/Bildschirmfoto-2025-11-27-um-22.31.25-768x962.png\" class=\"post-thumbnail wp-post-image\" alt=\"Erste GR\u00dcNE Liste f\u00fcr die Kommunalwahl in H\u00dcNFELDEN\" \/>\n\n\t\t\t\t\t\t\t<\/a>\n\t\t\t<\/div>\n\t\t\t\t\t<div class=\"p-45\">\n\t\t\t<header class=\"entry-header mb-2\">\n\t\t\t\t\t\t\t\t<h2 class=\"card-title h4 mb-3\"><a href=\"https:\/\/gruene-brechen-huenfelden.de\/?p=344\" rel=\"bookmark\">Erste GR\u00dcNE Liste f\u00fcr die Kommunalwahl in H\u00dcNFELDEN<\/a><\/h2>\t\t\t\t\t<div class=\"entry-meta mb-3\">\n\t\t\t\t\t\t<span class=\"posted-on\"><time class=\"entry-date published\" datetime=\"2025-11-25T19:00:00+00:00\">25. November 2025<\/time><time class=\"updated\" datetime=\"2026-02-18T20:45:41+00:00\">18. Februar 2026<\/time><\/span>\t\t\t\t\t<\/div><!-- .entry-meta -->\n\t\t\t\t\t\t\t\t<\/header><!-- .entry-header -->\n\n\t\t\t<div class=\"entry-content\">\n\t\t\t\t<a href=\"https:\/\/gruene-brechen-huenfelden.de\/?p=344\" rel=\"bookmark\">\n\t\t\t\t<p>Die erste GR\u00dcNE Liste f\u00fcr H\u00fcnfelden steht! Wir freuen uns \u00fcber ein engagiertes und motiviertes Team f\u00fcr die Kommunalwahl 2026. Es freut uns besonders, dass bereits nur zehn Monate nach [&hellip;]<\/p>\n\t\t\t\t<\/a>\n\t\t\t<\/div><!-- .entry-content -->\n\n\t\t\t<footer class=\"entry-footer\">\n\t\t\t\t\t\t\t<div class=\"d-flex mt-2 mb-2\">\n\t\t\t\t\t\t\t\t<div>\n\t\t<span class=\"cat-links small\"><a href=\"https:\/\/gruene-brechen-huenfelden.de\/?cat=1\" rel=\"category\">Beitr\u00e4ge<\/a><\/span>\n\t\t\t\t<\/div>\n\t\t\t<\/div>\n\t\t\n\t\t\t\t<div class=\"d-flex flex-row-reverse\">\n\t\t\t\t\t<a href=\"https:\/\/gruene-brechen-huenfelden.de\/?p=344\" rel=\"bookmark\" class=\"continue-reading\">\n\t\t\t\t\tweiterlesen\t\t\t\t<\/a>\n\t\t\t\t<\/div>\n\t\t\t<\/footer><!-- .entry-footer -->\n\t\t<\/div>\n\t<\/div>\n<\/article><!-- #post-344 -->\n<\/div><div class=\"col-md-6\">\n<article id=\"post-336\" class=\"bg-white mb-4 has-shadow post-336 post type-post status-publish format-standard has-post-thumbnail hentry category-beitrege tag-gruene tag-gruenebrechenhuenfelden tag-huenfelden tag-kommunalwahl2026\">\n\t<div class=\"\">\n\t\t\t\t\t<div class=\"\">\n\t\t\t\t<a href=\"https:\/\/gruene-brechen-huenfelden.de\/?p=336\" aria-label=\"Post Thumbnail\" rel=\"bookmark\">\n\t\t\t\t\t\t\t\t<img loading=\"lazy\" decoding=\"async\" width=\"768\" height=\"771\" src=\"https:\/\/gruene-brechen-huenfelden.de\/wp-content\/uploads\/2025\/11\/buttons_03-edited-1-scaled-e1763919520917-768x771.jpg\" class=\"post-thumbnail wp-post-image\" alt=\"Listenaufstellung in H\u00fcnfelden\" \/>\n\n\t\t\t\t\t\t\t<\/a>\n\t\t\t<\/div>\n\t\t\t\t\t<div class=\"p-45\">\n\t\t\t<header class=\"entry-header mb-2\">\n\t\t\t\t\t\t\t\t<h2 class=\"card-title h4 mb-3\"><a href=\"https:\/\/gruene-brechen-huenfelden.de\/?p=336\" rel=\"bookmark\">Listenaufstellung in H\u00fcnfelden<\/a><\/h2>\t\t\t\t\t<div class=\"entry-meta mb-3\">\n\t\t\t\t\t\t<span class=\"posted-on\"><time class=\"entry-date published\" datetime=\"2025-11-23T16:22:09+00:00\">23. November 2025<\/time><time class=\"updated\" datetime=\"2025-11-23T17:38:56+00:00\">23. November 2025<\/time><\/span>\t\t\t\t\t<\/div><!-- .entry-meta -->\n\t\t\t\t\t\t\t\t<\/header><!-- .entry-header -->\n\n\t\t\t<div class=\"entry-content\">\n\t\t\t\t<a href=\"https:\/\/gruene-brechen-huenfelden.de\/?p=336\" rel=\"bookmark\">\n\t\t\t\t<p>Am Dienstag den 25.11.2025 treffen wir uns in Kirberg, um zum ersten Mal eine gr\u00fcne Liste f\u00fcr die Kommunalwahl aufzustellen. Nachdem es uns gelungen ist &#8211; auch zum ersten Mal [&hellip;]<\/p>\n\t\t\t\t<\/a>\n\t\t\t<\/div><!-- .entry-content -->\n\n\t\t\t<footer class=\"entry-footer\">\n\t\t\t\t\t\t\t<div class=\"d-flex mt-2 mb-2\">\n\t\t\t\t\t\t\t\t<div>\n\t\t<span class=\"cat-links small\"><a href=\"https:\/\/gruene-brechen-huenfelden.de\/?cat=1\" rel=\"category\">Beitr\u00e4ge<\/a><\/span><br><span class=\"tags-links small\"><a href=\"https:\/\/gruene-brechen-huenfelden.de\/?tag=gruene\" rel=\"tag\">Gr\u00fcne<\/a>, <a href=\"https:\/\/gruene-brechen-huenfelden.de\/?tag=gruenebrechenhuenfelden\" rel=\"tag\">Gr\u00fcneBrechenH\u00fcnfelden<\/a>, <a href=\"https:\/\/gruene-brechen-huenfelden.de\/?tag=huenfelden\" rel=\"tag\">H\u00fcnfelden<\/a>, <a href=\"https:\/\/gruene-brechen-huenfelden.de\/?tag=kommunalwahl2026\" rel=\"tag\">Kommunalwahl2026<\/a><\/span>\n\t\t\t\t<\/div>\n\t\t\t<\/div>\n\t\t\n\t\t\t\t<div class=\"d-flex flex-row-reverse\">\n\t\t\t\t\t<a href=\"https:\/\/gruene-brechen-huenfelden.de\/?p=336\" rel=\"bookmark\" class=\"continue-reading\">\n\t\t\t\t\tweiterlesen\t\t\t\t<\/a>\n\t\t\t\t<\/div>\n\t\t\t<\/footer><!-- .entry-footer -->\n\t\t<\/div>\n\t<\/div>\n<\/article><!-- #post-336 -->\n<\/div><div class=\"col-md-6\">\n<article id=\"post-318\" class=\"bg-white mb-4 has-shadow post-318 post type-post status-publish format-standard has-post-thumbnail hentry category-beitrege\">\n\t<div class=\"\">\n\t\t\t\t\t<div class=\"\">\n\t\t\t\t<a href=\"https:\/\/gruene-brechen-huenfelden.de\/?p=318\" aria-label=\"Post Thumbnail\" rel=\"bookmark\">\n\t\t\t\t\t\t\t\t<img loading=\"lazy\" decoding=\"async\" width=\"768\" height=\"962\" src=\"https:\/\/gruene-brechen-huenfelden.de\/wp-content\/uploads\/2025\/11\/Bildschirmfoto-2025-11-20-um-21.27.11-1-768x962.png\" class=\"post-thumbnail wp-post-image\" alt=\"Erste GR\u00dcNE Liste f\u00fcr die Kommunalwahl\" \/>\n\n\t\t\t\t\t\t\t<\/a>\n\t\t\t<\/div>\n\t\t\t\t\t<div class=\"p-45\">\n\t\t\t<header class=\"entry-header mb-2\">\n\t\t\t\t\t\t\t\t<h2 class=\"card-title h4 mb-3\"><a href=\"https:\/\/gruene-brechen-huenfelden.de\/?p=318\" rel=\"bookmark\">Erste GR\u00dcNE Liste f\u00fcr die Kommunalwahl<\/a><\/h2>\t\t\t\t\t<div class=\"entry-meta mb-3\">\n\t\t\t\t\t\t<span class=\"posted-on\"><time class=\"entry-date published\" datetime=\"2025-11-18T19:00:00+00:00\">18. November 2025<\/time><time class=\"updated\" datetime=\"2026-02-15T15:25:34+00:00\">15. Februar 2026<\/time><\/span>\t\t\t\t\t<\/div><!-- .entry-meta -->\n\t\t\t\t\t\t\t\t<\/header><!-- .entry-header -->\n\n\t\t\t<div class=\"entry-content\">\n\t\t\t\t<a href=\"https:\/\/gruene-brechen-huenfelden.de\/?p=318\" rel=\"bookmark\">\n\t\t\t\t<p>Die erste GR\u00dcNE Liste f\u00fcr Brechen steht! Wir freuen uns \u00fcber ein engagiertes und motiviertes Team f\u00fcr die Kommunalwahl 2026. Es freut uns besonders, dass bereits nur zehn Monate nach [&hellip;]<\/p>\n\t\t\t\t<\/a>\n\t\t\t<\/div><!-- .entry-content -->\n\n\t\t\t<footer class=\"entry-footer\">\n\t\t\t\t\t\t\t<div class=\"d-flex mt-2 mb-2\">\n\t\t\t\t\t\t\t\t<div>\n\t\t<span class=\"cat-links small\"><a href=\"https:\/\/gruene-brechen-huenfelden.de\/?cat=1\" rel=\"category\">Beitr\u00e4ge<\/a><\/span>\n\t\t\t\t<\/div>\n\t\t\t<\/div>\n\t\t\n\t\t\t\t<div class=\"d-flex flex-row-reverse\">\n\t\t\t\t\t<a href=\"https:\/\/gruene-brechen-huenfelden.de\/?p=318\" rel=\"bookmark\" class=\"continue-reading\">\n\t\t\t\t\tweiterlesen\t\t\t\t<\/a>\n\t\t\t\t<\/div>\n\t\t\t<\/footer><!-- .entry-footer -->\n\t\t<\/div>\n\t<\/div>\n<\/article><!-- #post-318 -->\n<\/div><div class=\"col-md-6\">\n<article id=\"post-304\" class=\"bg-white mb-4 has-shadow post-304 post type-post status-publish format-standard has-post-thumbnail hentry category-beitrege\">\n\t<div class=\"\">\n\t\t\t\t\t<div class=\"\">\n\t\t\t\t<a href=\"https:\/\/gruene-brechen-huenfelden.de\/?p=304\" aria-label=\"Post Thumbnail\" rel=\"bookmark\">\n\t\t\t\t\t\t\t\t<img loading=\"lazy\" decoding=\"async\" width=\"768\" height=\"781\" src=\"https:\/\/gruene-brechen-huenfelden.de\/wp-content\/uploads\/2025\/10\/IMG_7057-768x781.jpeg\" class=\"post-thumbnail wp-post-image\" alt=\"Erweiterung unseres Ortsvorstandes\" \/>\n\n\t\t\t\t\t\t\t<\/a>\n\t\t\t<\/div>\n\t\t\t\t\t<div class=\"p-45\">\n\t\t\t<header class=\"entry-header mb-2\">\n\t\t\t\t\t\t\t\t<h2 class=\"card-title h4 mb-3\"><a href=\"https:\/\/gruene-brechen-huenfelden.de\/?p=304\" rel=\"bookmark\">Erweiterung unseres Ortsvorstandes<\/a><\/h2>\t\t\t\t\t<div class=\"entry-meta mb-3\">\n\t\t\t\t\t\t<span class=\"posted-on\"><time class=\"entry-date published\" datetime=\"2025-10-21T19:00:00+00:00\">21. Oktober 2025<\/time><time class=\"updated\" datetime=\"2025-11-11T17:05:06+00:00\">11. November 2025<\/time><\/span>\t\t\t\t\t<\/div><!-- .entry-meta -->\n\t\t\t\t\t\t\t\t<\/header><!-- .entry-header -->\n\n\t\t\t<div class=\"entry-content\">\n\t\t\t\t<a href=\"https:\/\/gruene-brechen-huenfelden.de\/?p=304\" rel=\"bookmark\">\n\t\t\t\t<p>Auf unserer zweiten Mitgliederversammlung am 21. Oktober 2025 haben wir unseren Ortsvorstand um zwei weitere Mitglieder erweitert. Mit hoher Zustimmung wurde Andreas Schulze aus Dauborn zum stellvertretenden Vorsitzenden gew\u00e4hlt, Julia [&hellip;]<\/p>\n\t\t\t\t<\/a>\n\t\t\t<\/div><!-- .entry-content -->\n\n\t\t\t<footer class=\"entry-footer\">\n\t\t\t\t\t\t\t<div class=\"d-flex mt-2 mb-2\">\n\t\t\t\t\t\t\t\t<div>\n\t\t<span class=\"cat-links small\"><a href=\"https:\/\/gruene-brechen-huenfelden.de\/?cat=1\" rel=\"category\">Beitr\u00e4ge<\/a><\/span>\n\t\t\t\t<\/div>\n\t\t\t<\/div>\n\t\t\n\t\t\t\t<div class=\"d-flex flex-row-reverse\">\n\t\t\t\t\t<a href=\"https:\/\/gruene-brechen-huenfelden.de\/?p=304\" rel=\"bookmark\" class=\"continue-reading\">\n\t\t\t\t\tweiterlesen\t\t\t\t<\/a>\n\t\t\t\t<\/div>\n\t\t\t<\/footer><!-- .entry-footer -->\n\t\t<\/div>\n\t<\/div>\n<\/article><!-- #post-304 -->\n<\/div>\n    <a class=\"text-white no-link d-block bg-primary has-green-550-hover-background-color border-radius\" href=\"https:\/\/gruene-brechen-huenfelden.de?post_type=post\" rel=\"\">\n        <div class=\"p-45 row\">\n        <span class=\"continue-reading text-white text-center pt-0\">zum Blog-Archiv<\/span>\n        <\/div>\n    <\/a>\n<\/div><\/div><\/div>\n\n\n<div class=\"wp-block-group alignfull has-white-background-color has-background is-layout-constrained wp-block-group-is-layout-constrained\">\n<p><\/p>\n<\/div>\n\n\n\n<div class=\"wp-block-group alignfull has-text-color has-background is-vertical is-content-justification-center is-layout-flex wp-container-core-group-is-layout-4b2eccd6 wp-block-group-is-layout-flex\" style=\"color:#ffffff;background-color:#163c29\">\n<div style=\"height:0px\" aria-hidden=\"true\" class=\"wp-block-spacer wp-container-content-d613cd94\"><\/div>\n\n\n\n<h2 class=\"wp-block-heading h1\">Werde aktiv<\/h2>\n\n\n\n<p class=\"has-text-align-center\">Interessiert? Werde Mitglied bei den Gr\u00fcnen und bringe Dich in den Ortsverband Brechen\/H\u00fcnfelden ein.<\/p>\n\n\n\n<div class=\"wp-block-buttons is-horizontal is-content-justification-center is-layout-flex wp-container-core-buttons-is-layout-499968f5 wp-block-buttons-is-layout-flex\">\n<div class=\"wp-block-button\"><a class=\"wp-block-button__link wp-element-button\" href=\"https:\/\/www.gruene.de\/mitglied-werden\">Mitglied werden<\/a><\/div>\n<\/div>\n\n\n\n<div style=\"height:0px\" aria-hidden=\"true\" class=\"wp-block-spacer wp-container-content-d613cd94\"><\/div>\n<\/div>\n\n\n\n<p><\/p>\n\n\n <div class=\"wp-block-group alignfull sunflower-has-background-dim has-text-color has-white-color has-background is-vertical is-content-justification-center is-content-justification-center is-layout-flex wp-block-group-is-layout-flex next-events \">\n                    <div class=\"wp-block-group__inner-container\">\n                        <h2 class=\"wp-block-heading has-text-align-center h1\">N\u00e4chste Termine<\/h2>\n                        <div class=\"wp-block-button text-center mb-5\"><a class=\"wp-block-button__link no-border-radius\" href=\"https:\/\/gruene-brechen-huenfelden.de\/?post_type=sunflower_event\" rel=\"\">Alle Termine<\/a><\/div>\n                    <div class=\"row\"><div class=\"col-12 text-center h4 text-white\">Derzeit sind keine Veranstaltungen geplant.<\/div><\/div><\/div><\/div>","protected":false},"excerpt":{"rendered":"<p>HerzlichWillkommen bei den GR\u00dcNEN Brechen\/H\u00fcnfelden. Unser Ortsverband wurde am 28. Januar 2025 gegr\u00fcndet. Gerade ist die Kommunalwahl 2026 vor\u00fcber und wir werden in beiden Gemeindevertretungen Fraktionen mit jeweils vier Personen [&hellip;]<\/p>\n","protected":false},"author":6,"featured_media":0,"parent":0,"menu_order":0,"comment_status":"closed","ping_status":"closed","template":"","meta":{"footnotes":""},"class_list":["post-78","page","type-page","status-publish","hentry"],"_links":{"self":[{"href":"https:\/\/gruene-brechen-huenfelden.de\/index.php?rest_route=\/wp\/v2\/pages\/78","targetHints":{"allow":["GET"]}}],"collection":[{"href":"https:\/\/gruene-brechen-huenfelden.de\/index.php?rest_route=\/wp\/v2\/pages"}],"about":[{"href":"https:\/\/gruene-brechen-huenfelden.de\/index.php?rest_route=\/wp\/v2\/types\/page"}],"author":[{"embeddable":true,"href":"https:\/\/gruene-brechen-huenfelden.de\/index.php?rest_route=\/wp\/v2\/users\/6"}],"replies":[{"embeddable":true,"href":"https:\/\/gruene-brechen-huenfelden.de\/index.php?rest_route=%2Fwp%2Fv2%2Fcomments&post=78"}],"version-history":[{"count":15,"href":"https:\/\/gruene-brechen-huenfelden.de\/index.php?rest_route=\/wp\/v2\/pages\/78\/revisions"}],"predecessor-version":[{"id":753,"href":"https:\/\/gruene-brechen-huenfelden.de\/index.php?rest_route=\/wp\/v2\/pages\/78\/revisions\/753"}],"wp:attachment":[{"href":"https:\/\/gruene-brechen-huenfelden.de\/index.php?rest_route=%2Fwp%2Fv2%2Fmedia&parent=78"}],"curies":[{"name":"wp","href":"https:\/\/api.w.org\/{rel}","templated":true}]}}